q be (24 + -18)*(-1)/(-3) + 58. Suppose -225 = -4*z - z. Calculate the greatest common divisor of q and z.
15
Let a(n) = 2*n**2 - 27*n - 116. Let d be a(24). Let h be (d - 8)*(-2)/(-8). What is the highest common factor of 171 and h?
19
Let m(c) = -15*c + 140. Let w be m(18). Let k = w - -346. What is the greatest common divisor of 162 and k?
54
Suppose 0 = d + 6, b - 49 - 20 = d. Calculate the highest common divisor of b and 553.
7
Suppose 1 + 2 = 5*i - v, 2*i = 4*v + 12. Suppose -57*r + 60*r - 3 = i. What is the highest common divisor of 1 and r?
1
Let g be 8594/(-240)*-12 + 3/10. Calculate the highest common factor of g and 210.
10
Let i(v) = 12*v + 31. Let x(r) = r**3 + 7*r**2 + 11*r - 4. Let u be x(-5). Let a be i(u). Let z = 66 - a. Calculate the greatest common factor of 13 and z.
13
Let o = 140 + 16. Suppose -6*p = 7*p - o. What is the highest common factor of p and 60?
12
Let f = 47470 + -47446. Calculate the greatest common factor of f and 1068.
12
Let f be ((-1)/(20/372))/((-4)/20). Suppose 3*g = 30 - 18. Suppose g*q - 234 = 14. Calculate the highest common factor of f and q.
31
Suppose 0 = 4*u + 2*p - 30, 0*p + p = -u + 9. Let z be u/(36/78) - 1/(-1). Calculate the greatest common factor of 7 and z.
7
Let k = 263 + -193. Let g(a) = 3*a**2 + 18*a - 86. Let t be g(-12). Calculate the highest common divisor of k and t.
10
Suppose -4*u - 14 + 62 = 4*o, 0 = 3*o + 2*u - 37. Suppose -o*d = 340 - 1172. What is the greatest common factor of 96 and d?
32
Suppose -544*n - 5*r - 570 = -549*n, -2*n + 5*r + 222 = 0. Calculate the highest common factor of n and 58.
58
Suppose -448 - 56 = -18*i. Suppose -i = -67*h + 63*h. What is the highest common factor of 2 and h?
1
Let s be (1*15/10)/(-2) + (-1119)/(-4). Suppose 0 = -5*i - 27 + 182. What is the highest common factor of i and s?
31
Suppose 4*y + 1523*r = 1525*r + 4216, -3*r + 1026 = y. Suppose -67 = -3*w + 59. Calculate the greatest common divisor of y and w.
42
Let j(c) = -42*c + 7005. Let y be j(40). What is the highest common divisor of 375 and y?
75
Let s be ((-4 - 101) + 7)/(-1). Suppose s*f = 94*f + 76. What is the highest common factor of f and 171?
19
Let a be (-560)/(-8680) - 2044/(-31). What is the greatest common divisor of a and 957?
33
Suppose -3*l - 3*p + 5*p = -23, 5*l - 53 = -4*p. Let w(k) = -k**3 + 10*k**2 - 6*k + 31. Let o be w(l). Calculate the greatest common divisor of 406 and o.
58
Let w(q) = -7*q**2 + 21*q + 2. Let m be w(3). Suppose -m*c + 60 = 8*c. What is the highest common divisor of c and 96?
6
Let h be (0 + 1)*-1 + 6821 + -892. What is the highest common divisor of 78 and h?
78
Suppose -65*z + 487 + 1148 = -2200. Calculate the greatest common divisor of 18113 and z.
59
Suppose 165*f + 30 = 166*f. Let y be ((-6)/(-8))/(f/840). What is the greatest common factor of y and 609?
21
Suppose 0 = 14*k - 15*k + 9, 3*k = -4*y + 603. Calculate the greatest common divisor of y and 6432.
48
Let h be 14*11 - (12 + -14). Calculate the highest common divisor of 104 and h.
52
Let x(h) = h**2 + 11*h - 2. Let k be x(-11). Let n be (-3 + 2)*36/((-4)/k). Let v = n - -34. What is the greatest common factor of 64 and v?
16
Let g = 13528 - 13121. What is the greatest common divisor of 99 and g?
11
Suppose -14*i + 210 + 378 = 0. Let u be ((-1)/((-5)/(-44)))/(68/(-1190)). What is the greatest common divisor of i and u?
14
Suppose -187*s - 372 = -188*s. What is the highest common divisor of 3162 and s?
186
Let w = 282 + 228. Let q(m) = 3*m**2 + 683*m - 2059. Let u be q(3). Calculate the greatest common divisor of u and w.
17
Let z(t) = -t**2 + 59*t + 131. Let b be z(58). What is the greatest common factor of 49 and b?
7
Let a = 2532 + -684. What is the greatest common divisor of a and 11?
11
Let l = -4705 + 4780. What is the greatest common factor of 4800 and l?
75
Let q(d) = 2*d**2 + 17*d + 46. Let j be q(-4). Suppose -14*z = -j*z - 192. Calculate the greatest common divisor of 6 and z.
6
Let z(n) = 236*n + 230. Let b be z(6). Suppose -l - 2*h = l - b, 0 = 2*h - 8. Calculate the greatest common divisor of l and 63.
63
Suppose v - 9*v = -18*v + 680. Calculate the greatest common divisor of 9673 and v.
17
Suppose -3*h - 6 = 0, 5*i + 16 = 8*i - 5*h. Suppose -d - 8*u = -3*u + 39, i*d = 2*u - 30. Let c = -12 - d. What is the highest common factor of 63 and c?
7
Let p = 33 - 29. Suppose -2*r + 2*f - 27 = 3*f, -2*r = -2*f + 36. Let d be r/(-4) + (-16)/(-64). What is the greatest common factor of d and p?
4
Let o = 727 - 716. Suppose 3*q + b = 46, -q - 3*q = 3*b - 68. Suppose 4*g = -5*n + 30, 5*g + o = -q. Calculate the highest common factor of 50 and n.
10
Suppose -72 = 9*i - 9. Let p be i/21 + 487/3. What is the greatest common divisor of p and 243?
81
Let m(f) = f**3 - 2*f**2 - 4. Let j be m(3). Suppose -j*k - 80 = -9*k. Calculate the highest common factor of k and 140.
20
Suppose 3*x - 95 = -2*x. Suppose x*w + 124 = 21*w. What is the highest common factor of w and 62?
62
Let s(k) = k**3 + 2*k**2 - 5*k - 5. Let i be s(-3). Let l be ((-1365)/45)/(i/(-3)). Calculate the highest common factor of 21 and l.
7
Let k(b) = b**2 + 5*b - 101. Let w be k(8). Suppose 0 = 3*v - 4*r - 7, -w*v = 5*r + 3 - 1. Calculate the greatest common divisor of v and 26.
1
Let k be 35/21 - ((-5)/(-25) + (-31756)/30). Calculate the greatest common divisor of 230 and k.
10
Suppose z + 0 = 4. Let j = 88 + -76. Let l = 20 - j. Calculate the highest common factor of z and l.
4
Let i be 2 - 1 - (-30)/5. Suppose -4*z + 1721 = 6*u - i*u, 3*u = -5*z + 2130. What is the highest common divisor of z and 39?
39
Let m = -5645 - -5653. Suppose -3*f = 3*y + 63, 0 = -f + 3*y - 1. Let c be f*(0 - 9/2). What is the highest common divisor of c and m?
8
Suppose -4 = 3*f - 43. Let y = 691 + -689. Suppose 0 = -6*h + 9*h - y*a - 31, -3*a = -12. What is the highest common divisor of h and f?
13
Suppose 2*h + c - 111 + 90 = 0, -5*h + 3*c = -47. What is the highest common divisor of h and 745?
5
Let b be (-2)/(-4)*-1*-48. Let q = 54 - b. Let s(n) = n**3 - 49*n**2 + 96*n - 82. Let f be s(47). Calculate the greatest common factor of f and q.
6
Let p = 3329 + -2732. Calculate the greatest common divisor of p and 3.
3
Let h(o) = 2*o**2 - 473*o + 11024. Let q be h(26). Suppose -130 = -6*p + p. Calculate the highest common factor of p and q.
26
Let t = -7 - -14. Suppose -5*l + 136 = -3*x, 2*l - 80 = -5*x - 7. Let f = 64 - l. Calculate the highest common divisor of f and t.
7
Let b = 4878 - 4865. What is the greatest common factor of 3926 and b?
13
Let l = -30 + 248. Let r = l - 178. Calculate the greatest common divisor of 32 and r.
8
Let p be 8*((-5)/(-50) - 2/(-5)). Suppose -p*l - 2*g - 32 = -2*l, 0 = 3*l - g + 56. Let y be 10/90 - 502/l. What is the highest common divisor of y and 84?
28
Let d(m) = 3*m**2 + 6*m + 5. Let v be d(-3). Let q be 5 + 6/33 + 2/(-11). Suppose 7*n - 252 = q*n. What is the highest common divisor of v and n?
14
Let o be -88*(-1 - -3 - (-408)/(-32)). Let b = 46 - 35. Calculate the greatest common divisor of b and o.
11
Suppose -4*u - 12 = 0, -4*o = 2*u - 15 - 3. Suppose -g = -o*g + 700. Suppose 8*s = 10*s - g. Calculate the highest common factor of s and 28.
14
Suppose -4*k + 5*v + 16 = 0, 0 = 5*k - 2*v - 37. Let l be 708/5 + 8/20 + 2. Calculate the highest common factor of l and k.
9
Let y be (-8)/(-4) - (-3 - -1). Suppose 4*g + 56 = -y. Let x be (138/4)/(g/(-20)). What is the greatest common divisor of x and 69?
23
Let d be -8 - ((-4 - 0) + -10 + 1). Calculate the greatest common divisor of 342 and d.
1
Let r(z) = 3*z**2 + 200*z - 1894. Let y be r(9). Calculate the greatest common factor of 7003 and y.
149
Let r be (-10)/35 - (344/(-14))/2. Suppose 3*d + 0 = r. Suppose -d*s - 75 = -9*s. Calculate the highest common divisor of s and 60.
15
Let m be 707/(-303)*(-48)/14. Calculate the highest common divisor of m and 1192.
8
Suppose 0 = -4*a + 5*z + 70222, 5*z + 22707 - 92869 = -4*a. What is the greatest common factor of a and 164?
164
Let c be ((-135)/(-10))/(-9)*52. Let b be ((-3)/9)/(1/c). Let o be 13/(((-4)/6)/(-2)). Calculate the highest common divisor of o and b.
13
Suppose -2*h = -2*a - 104, 131 + 27 = 3*h - 2*a. Let i = -42 + h. Suppose -i*c + 564 = 36. Calculate the highest common factor of c and 11.
11
Suppose 4*b - 93